2111 (base 3) in base 13?
-1bb59
What is -5743 (base 11) in base 6?
-54541
1a5 (base 15) to base 2
101111100
What is -101011001101110 (base 2) in base 6?
-250234
Convert 13163 (base 7) to base 3.
11211112
Convert -2d1 (base 16) to base 11.
-5a6
39080 (base 11) to base 10
55990
-5050 (base 7) to base 15
-7ba
What is -653 (base 8) in base 14?
-227
-276 (base 11) to base 4
-11011
What is 1100010011001000 (base 2) in base 5?
3103001
-448 (base 9) to base 6
-1412
-4a89 (base 14) to base 2
-11001100000001
Convert 1140441 (base 5) to base 15.
64eb
What is 2322113 (base 4) in base 11?
8a63
4044 (base 5) to base 8
1014
What is -1110011011100 (base 2) in base 4?
-1303130
Convert 2002110 (base 3) to base 12.
a70
10450 (base 6) to base 7
4200
Convert -101220 (base 5) to base 4.
-303232
-915 (base 12) to base 16
-521
-23254 (base 6) to base 3
-11120221
What is -6773 (base 12) in base 15?
-35e3
What is -553 (base 8) in base 16?
-16b
-1420 (base 10) to base 6
-10324
Convert 83e (base 16) to base 15.
95a
36405 (base 9) to base 2
101111101000010
Convert 12132 (base 4) to base 13.
25b
What is 11000000 (base 2) in base 5?
1232
-1da (base 14) to base 7
-1063
What is -319 (base 14) in base 10?
-611
What is -54 (base 14) in base 3?
-2202
What is -40d4 (base 16) in base 4?
-10003110
Convert 1392 (base 12) to base 5.
33040
-29b1 (base 13) to base 9
-8272
-799 (base 10) to base 9
-1077
Convert 10011101111100 (base 2) to base 10.
10108
What is 21cd (base 15) in base 4?
1300000
14134 (base 5) to base 11
973
Convert -2202112 (base 3) to base 12.
-11b8
Convert -110111101001010 (base 2) to base 11.
-1a450
-1923 (base 12) to base 9
-4160
-739 (base 14) to base 12
-9a7
-20b (base 12) to base 16
-12b
21011222 (base 3) to base 10
5237
Convert 1a3b (base 15) to base 6.
42145
-177c (base 16) to base 15
-1bac
-2440024 (base 5) to base 15
-da94
What is 960 (base 15) in base 11?
1653
What is 1043 (base 5) in base 12?
104
Convert -115533 (base 6) to base 7.
-42120
319 (base 10) to base 4
10333
243512 (base 6) to base 5
1142242
Convert 328 (base 13) to base 16.
21d
1303 (base 6) to base 16
147
What is -634 (base 11) in base 4?
-23323
Convert 102001 (base 3) to base 16.
12a
What is 23001 (base 5) in base 7?
4512
Convert -519a (base 13) to base 14.
-417b
-37d (base 15) to base 14
-409
Convert -942 (base 16) to base 15.
-a80
-1074 (base 11) to base 6
-10312
Convert 22443 (base 5) to base 2.
11001010111
Convert -4106 (base 9) to base 12.
-18a3
Convert 5510 (base 6) to base 13.
765
Convert 60e (base 16) to base 12.
a92
What is 202a (base 13) in base 16?
114e
-224142 (base 5) to base 13
-3880
a3c (base 14) to base 13
bbc
What is 131010 (base 4) in base 14?
96c
What is 1620 (base 9) in base 3?
1200200
Convert 1643 (base 7) to base 12.
478
1101101101 (base 2) to base 11
728
What is -1110111010111 (base 2) in base 4?
-1313113
1810 (base 9) to base 15
626
-20270 (base 8) to base 12
-4a20
Convert 6b5 (base 13) to base 12.
80a
Convert bc8 (base 15) to base 12.
165b
What is -200356 (base 7) in base 8?
-102012
What is -101110010010011 (base 2) in base 6?
-301415
What is 2101002210 (base 3) in base 6?
1000203
-1273 (base 13) to base 11
-1a80
21541 (base 6) to base 3
11010121
-39aa (base 15) to base 3
-121212221
Convert 786 (base 9) to base 3.
212220
-14247 (base 9) to base 15
-2d07
-22043 (base 5) to base 3
-2002102
-246 (base 11) to base 14
-16c
What is 17b (base 14) in base 13?
1a6
22264 (base 8) to base 5
300041
-1303413 (base 6) to base 16
-11481
-534 (base 11) to base 6
-2550
What is c8ac (base 13) in base 2?
110110011010010
-2122 (base 10) to base 11
-165a
Convert -35bb (base 12) to base 14.
-22bd
What is 101110110000111 (base 2) in base 11?
16a97
Convert -101110100101 (base 2) to base 6.
-21445
Convert -173d (base 15) to base 11.
-3843
Convert -525 (base 14) to base 5.
-13023
4b13 (base 13) to base 9
15557
Convert -12101200 (base 3) to base 6.
-30113
Convert 512 (base 12) to base 14.
3a6
What is -1001001100 (base 2) in base 15?
-293
-10001000001 (base 2) to base 4
-101001
What is 1154 (base 11) in base 9?
2058
What is 282 (base 15) in base 6?
2352
Convert -3350 (base 6) to base 9.
-1063
-372e (base 16) to base 6
-145222
423 (base 5) to base 14
81
Convert 11100111 (base 2) to base 11.
1a0
Convert -13206 (base 7) to base 14.
-1406
212022 (base 3) to base 15
2be
Convert -130220 (base 4) to base 16.
-728
-2030 (base 5) to base 6
-1121
172141 (base 8) to base 16
f461
What is b99 (base 16) in base 2?
101110011001
1351 (base 7) to base 9
644
-433 (base 13) to base 12
-4ba
What is -1233 (base 7) in base 13?
-29a
Convert -5d (base 16) to base 3.
-10110
1664 (base 9) to base 4
103321
Convert 1200021110 (base 3) to base 13.
1203c
What is 210a5 (base 13) in base 14?
1794a
cbdc (base 15) to base 16
a8ae
-6238 (base 14) to base 10
-16906
301 (base 15) to base 14
364
What is -125414 (base 8) in base 5?
-2400123
Convert 324243 (base 5) to base 13.
5135
-3305 (base 9) to base 13
-1154
-340 (base 15) to base 2
-1011011111
What is -10001000110101000 (base 2) in base 13?
-25b6c
Convert 31122301 (base 4) to base 11.
38325
3867 (base 13) to base 10
8028
What is 16080 (base 10) in base 16?
3ed0
What is 52 (base 6) in base 10?
32
Convert -11bd (base 15) to base 11.
-2925
Convert 422433 (base 6) to base 7.
201660
Convert 336545 (base 7) to base 6.
1141332
What is 2012 (base 3) in base 2?
111011
-22635 (base 8) to base 12
-56a5
Convert -9070 (base 16) to base 15.
-ae51
76477 (base 8) to base 5
2011223
-4012 (base 9) to base 3
-11000102
What is -15901 (base 11) in base 9?
-33633
What is -1315 (base 8) in base 12?
-4b9
What is -1a76 (base 16) in base 2?
-1101001110110
-6c7 (base 13) to base 16
-499
What is 205 (base 12) in base 13?
197
11110110100 (base 2) to base 12
1184
What is -15a40 (base 13) in base 2?
-1010000101001000
7b29 (base 12) to base 9
20726
Convert 1c1 (base 13) to base 5.
2301
Convert 4bb8 (base 12) to base 3.
102211212
What is 1210210 (base 3) in base 4?
110211
Convert 3081 (base 9) to base 7.
6406
Convert -999 (base 12) to base 3.
-1221100
What is 110110001 (base 2) in base 12?
301
-16a14 (base 11) to base 13
-ab1a
Convert 21c0 (base 15) to base 3.
100211000
110011001 (base 2) to base 4
12121
What is -203203 (base 4) in base 2?
-100011100011
Convert -22b (base 15) to base 10.
-491
Convert 30353 (base 10) to base 15.
8ed8
3114 (base 6) to base 15
314
Convert -17bb (base 16) to base 3.
-22100000
-3261 (base 9) to base 3
-10022001
Convert -1220211 (base 3) to base 13.
-838
-2d0d (base 14) to base 2
-1111101110001
What is 105357 (base 8) in base 11?
247a4
Convert -110 (base 10) to base 3.
-11002
What is -726 (base 11) in base 7?
-2360
-3012 (base 7) to base 15
-493
-621a (base 16) to base 7
-133135
What is dbd7 (base 14) in base 16?
9481
10000001010 (base 2) to base 8
2012
1203 (base 4) to base 14
71
36842 (base 11) to base 10
52923
What is -13412 (base 5) in base 15?
-4dc
-61b1 (base 12) to base 3
-112121021
100101110 (base 2) to base 14
178
What is -92 (base 16) in base 10?
-146
What is 51 (base 6) in base 3?
1011
What is -278 (base 10) in base 8?
-426
1800 (base 12) to base 10
2880
What is -33 (base 6) in base 10?
-21
What is 542 (base 13) in base 5?
12044
What is 103031 (base 5) in base 6?
24140
What is -1414 (base 5) in base 3?
-22200
What is 1213 (base 11) in base 16?
633
What is -3d8 (base 15) in base 12?
-612
811 (base 9) to base 10
658
Convert -10112002201 (base 3) to base 7.
-406060
-30d4 (base 16) to base 7
-51305
Convert 111010001010010 (base 2) to base 3.
1111211220
22032 (base 4) to base 14
34a
-176d (base 14) to base 15
-13ad
-aa8 (base 14) to base 9
-2802
Convert -2155 (base 11) to base 4.
-230123
What is 53b (base 16) in base 12?
937
What is 143 (base 10) in base 13?
b0
What is -53450 (base 8) in base 4?
-11130220
What is -1130 (base 4) in base 2?
-1011100
Convert 224 (base 11) to base 12.
1a4
-267 (base 11) to base 9
-380
Convert -24414 (base 6) to base 14.
-145c
What is 27782 (base 10) in base 8?
66206
Convert 680 (base 15) to base 6.
10450
What is 86b0 (base 12) in base 7?
61131
Convert 3ed (base 16) to base 5.
13010
-11022000 (base 3) to base 14
-11da
What is 7aa8 (base 12) in base 14?
4da0
-24012 (base 6) to base 2
-110110001000
What is 9996 (base 13) in base 6?
243053
Convert 1